is the highest common factor of x and f?
14
Let z be (3/2)/((-9)/(-30)). Suppose q = -z - 10. Let t(k) = k**3 + 16*k**2 + 10*k - 11. Let p be t(q). What is the greatest common divisor of p and 16?
16
Let w = 6 + 108. Calculate the greatest common factor of w and 76.
38
Let h(m) = -5*m + 11. Let d(j) = j - 1. Let f(y) = -2*d(y) - h(y). Let v be f(4). What is the highest common divisor of v and 3?
3
Let t be (-7)/(1232/(-175) - -7). Calculate the greatest common factor of t and 35.
35
Let h be (0 - -1)/(6/(-18)). Let t be 48 + (-1 + 1)/h. Suppose 5*y + 2*n = 4*n + 52, -y + 24 = 3*n. Calculate the greatest common divisor of t and y.
12
Let p(c) = c**2 + 18*c + 105. Let f be p(-10). Calculate the highest common divisor of f and 50.
25
Let i = -21 - -29. Let v be 6/(-4)*(-48)/9. Let m be (-8 - 58)/((-6)/v). What is the highest common divisor of i and m?
8
Let y(d) = 320*d + 13. Let x be y(1). What is the greatest common factor of 3 and x?
3
Suppose -16 = -5*v + 104. Let c be (-10 + 0)*2/(v/(-18)). What is the highest common factor of c and 60?
15
Suppose -11*b - 120 = -12*b. What is the highest common divisor of b and 48?
24
Let v = 3444 + -1619. What is the highest common divisor of v and 25?
25
Let o be 7/21 + (1628/6)/2. What is the highest common divisor of 34 and o?
34
Let u be (-321)/(-21) + (48/42)/(-4). Suppose 4*b - 5*b - 5 = 0. Let p be (0 - b/u)*3. What is the greatest common factor of 1 and p?
1
Let m(s) = s**3 - 18*s**2 + 17*s + 4. Let x be m(17). Suppose -x*f + 363 = -0*f + p, 2*p = -3*f + 276. Calculate the highest common divisor of 135 and f.
45
Suppose -7*b - b = -40. Suppose -b*i + 202 = t - 292, -5 = 5*t. Calculate the highest common factor of i and 66.
33
Let r be (45/20)/(9/(-24)). Let y be (28/r)/((-9)/27). What is the greatest common factor of 42 and y?
14
Let z be ((-7)/(-14))/(1/(-16)). Let y be 0/(2/z*-4). Suppose 0 = 2*i, 5*o - 2*o + i - 243 = y. What is the greatest common factor of o and 9?
9
Let z(r) = -r**2 + 57*r + 383. Let m be z(63). What is the greatest common factor of 40 and m?
5
Suppose 0*d = -3*d - 21. Let w = d + 16. Suppose 40 = -4*r + w*r. Calculate the greatest common factor of 24 and r.
8
Suppose -3*w - 852 = -6*w. Suppose -2*v - v = 3*m - 228, -4*v = -m - w. What is the greatest common divisor of v and 18?
18
Let v = 990 - 681. Let f = -119 + v. What is the highest common divisor of 38 and f?
38
Let j = -319 + 321. What is the highest common divisor of j and 37?
1
Let t = -349 + 355. What is the highest common factor of 192 and t?
6
Let j be 133/14 + 2/(-4). Suppose -3*p = -j - 3. Calculate the greatest common divisor of p and 12.
4
Suppose -5*n = 2*n - 1106. Let a = 257 - n. Calculate the highest common divisor of 9 and a.
9
Let b(z) = z**2 - 2*z + 22. Let n be b(0). Let o be (-4 - -1)*(-220)/15. What is the greatest common factor of n and o?
22
Let x be 222/12 + 5 + (-5)/(-10). Let r = 87 + -58. Let a = r + -5. What is the highest common factor of x and a?
24
Let a(i) be the third derivative of -i**5/60 - i**4/2 + 5*i**3/2 + 7*i**2. Let s be a(-12). Calculate the greatest common factor of 30 and s.
15
Let k(v) = v + 29. Let y be k(-13). Calculate the greatest common factor of y and 56.
8
Suppose -6*f + 9*f - 567 = 0. Let g(o) = -o**3 - 31*o**2 + 63*o - 78. Let l be g(-33). What is the greatest common divisor of l and f?
21
Let f(t) = -28*t - 12. Let h be f(-15). What is the greatest common factor of h and 16?
8
Let f = 176 + -173. Let p be ((-1)/f - 750/180)*-4. Suppose 3*b = q - 147, 5*q - 5*b = q + 623. What is the greatest common divisor of q and p?
18
Suppose 0 = -2*j - 6. Let y be (-1)/j - (-1357)/69. Calculate the greatest common divisor of y and 4.
4
Let g = -23 + 25. Suppose -j = 4*t - 58, -3*j = -t - g*t - 144. Calculate the greatest common factor of j and 20.
10
Let k be (-3)/(2 + 236/(-112)). Suppose -j - 3*b = 1 - k, 0 = j + b - 17. Suppose 0 = -8*q + j*q - 48. What is the greatest common divisor of 8 and q?
4
Let x = 164 - 113. What is the greatest common divisor of 9 and x?
3
Let v = 92 - 68. Suppose -22 - 26 = -6*g. What is the greatest common divisor of v and g?
8
Let r = 129 - 47. Let h = r + -50. Suppose 4*j - 16 = h. Calculate the highest common factor of j and 96.
12
Let p(m) = 36*m - 236. Let g be p(21). Calculate the highest common divisor of 80 and g.
40
Suppose 2 = -3*d - a + 12, 6 = -5*d + 4*a. Suppose -2*m - d*y = -70, 3*m - y - 4*y = 65. What is the greatest common divisor of 45 and m?
15
Let o(n) be the third derivative of -45*n**4/8 + n**3/6 - 2*n**2. Let x be o(-1). Let f be ((-4)/(-16))/1*68. What is the greatest common factor of x and f?
17
Let h = -134 + 51. Let t = -41 - h. Let f be (-14)/(2/(-3 + 1)). Calculate the greatest common divisor of f and t.
14
Suppose -12*h - 81 + 933 = 0. Calculate the greatest common factor of h and 781.
71
Suppose -80*p = -79*p + 156. Let z = -540 - -808. Let c = p + z. What is the highest common factor of c and 14?
14
Let l = 16 - -20. Let d be (-2)/((-1897)/630 + 3). What is the highest common divisor of d and l?
36
Suppose -4*t - 3 + 39 = 0. Let o(u) = -2*u**2 + 5*u + 3. Let c be o(-3). Let i = c - -48. Calculate the greatest common divisor of t and i.
9
Let z(u) = u**3 + 10*u**2 - 3*u - 10. Let p be z(-10). Suppose 6 + p = 2*n. What is the highest common factor of n and 39?
13
Suppose 19*t = 16*t + 60. What is the greatest common divisor of t and 80?
20
Let m = 542 - 490. What is the greatest common divisor of 1378 and m?
26
Let y = -58 + 49. Let r be y/((-9)/35) - 1. Calculate the greatest common divisor of 136 and r.
34
Suppose 2*q = 2*x + 98, -4*q + 243 = q - 4*x. What is the highest common factor of 188 and q?
47
Suppose -4*g - 3*q + 97 = 2*q, 0 = 2*g + 3*q - 47. Let l = 668 + -640. Calculate the greatest common factor of g and l.
28
Let a(c) = -2*c + 9. Let z = 33 + -28. Suppose -3*w + 2*w - z = 0. Let t be a(w). What is the highest common factor of t and 19?
19
Suppose 25 - 2 = -u. Let z = 26 + u. Suppose -w = z*w - 224. Calculate the highest common divisor of 140 and w.
28
Suppose -32*k + 33*k - 22 = 0. Let p = -47 + 49. What is the highest common divisor of p and k?
2
Let j be (-56)/120*-3*95*1. What is the greatest common divisor of j and 114?
19
Let w(f) = -f - 1. Let r(i) = i**2 - 10*i - 10. Let s be r(11). Let m be w(s). Let q be m/(-10) - 139/(-5). Calculate the highest common divisor of 14 and q.
14
Let c(r) = 14*r + 2. Let f be c(0). Calculate the highest common factor of f and 62.
2
Suppose 11*t - 172 = 642. Let i(u) = 2*u**3 - 6*u**2 - 6*u + 5. Let v be i(6). Calculate the greatest common factor of v and t.
37
Suppose -k + 51 = -w, -3*k + 100 = 2*w - 23. Let d = 0 + 9. What is the highest common divisor of d and k?
9
Let l be 1/1*(14 - 8 - -129). Calculate the greatest common divisor of l and 189.
27
Suppose 0 = 5*u - 15 - 0. Suppose 2 = -2*c - t, -u*c - 5*t = 8 + 9. What is the greatest common factor of 2 and c?
1
Let b = 7 - 7. Suppose b = -6*g + g + 25. Suppose 0*d + 4*d = 5*s - 350, g*s - 340 = 2*d. Calculate the highest common factor of 11 and s.
11
Suppose 0 = -99*u + 67*u + 87200. Calculate the greatest common factor of 109 and u.
109
Suppose -2*g + 10 = 0, 4*g = -0*q - 3*q + 53. Let o(x) = x**2 - 10*x. Let a be o(q). What is the greatest common factor of 11 and a?
11
Suppose 119 = 4*v + 5*h, -v - h - 23 = -2*v. Calculate the greatest common divisor of 6 and v.
2
Let i = -5 + -3. Let g = -4 - i. Suppose g*c = c + 60. Calculate the greatest common factor of c and 40.
20
Let y be 25/4 + -3 - (-2)/(-8). Let g = y + 3. Calculate the greatest common divisor of 30 and g.
6
Let k be 1/5 + 69/5. Let o = 18 - k. What is the highest common divisor of o and 2?
2
Let q(v) = -8*v - 2. Let f be q(-1). Suppose 4*u = 4*x - 208, -3*u = f - 0. Calculate the greatest common divisor of x and 30.
10
Let c be 924/15 - (-16)/40. Calculate the greatest common divisor of 62 and c.
62
Suppose -3*m + 8 = o - 2, 3*m = -4*o + 31. What is the greatest common divisor of o and 63?
7
Let y be (12/5)/((-7)/210*-4). Calculate the greatest common factor of 135 and y.
9
Let k be (28/(-12))/((52/(-444))/13). Calculate the highest common factor of 35 and k.
7
Suppose -k - 1145 = -5*u, -5*u - 12*k + 9*k = -1165. What is the greatest common facto